{"id":8349,"date":"2021-02-17T09:51:38","date_gmt":"2021-02-17T08:51:38","guid":{"rendered":"https:\/\/middelweb.de\/wordpress\/?page_id=8349"},"modified":"2024-09-28T08:19:19","modified_gmt":"2024-09-28T07:19:19","slug":"baden-wuerttemberg","status":"publish","type":"page","link":"https:\/\/middel-online.de\/?page_id=8349","title":{"rendered":"Baden-W\u00fcrttemberg"},"content":{"rendered":"\n<p>Sowohl mit seiner Fl\u00e4che von 35.751&nbsp;km\u00b2&nbsp;als auch mit seinen 10,8 Millionen Einwohnern ist Baden-W\u00fcrttemberg das drittgr\u00f6\u00dfte der 16 deutschen Bundesl\u00e4nder. Seit der Gr\u00fcndung des Bundeslandes im Jahre 1952 hat die Bev\u00f6lkerung um rund vier Millionen Menschen zugenommen. Baden-W\u00fcrttemberg ist aufgeteilt 4 Regierungsbezirke, 12 Regionen, 35 Landkreise und 9 Stadtkreise. Es gibt insgesamt 1.101 St\u00e4dte und Gemeinden, darunter 91 Gro\u00dfe Kreisst\u00e4dte. Stuttgart ist die Landeshauptstadt.<\/p>\n\n\n\n<p>Im Land gibt es die meisten Gourmettempel Deutschlands, das beste Opernhaus, hoch pr\u00e4mierte Weine, die meisten Solaranlagen und die j\u00fcngste Bev\u00f6lkerung.<\/p>\n\n\n\n<p>Stuttgart&#8217;s Geographische Lage: Breite: 48\u00b0 46&#8242; 39&#8220; Nord L\u00e4nge: 9\u00b0 10&#8242; 43&#8220; Ost,&nbsp;<strong>608 260&nbsp;Einwohner<\/strong><\/p>\n\n\n\n<p>Gesamtfl\u00e4che 20 736 ha<\/p>\n\n\n\n<p>Tiefster Punkt 207 m<\/p>\n\n\n\n<p>H\u00f6chster Punkt 549 m<\/p>\n\n\n\n<p>H\u00f6chstes Bauwerk: Fernsehturm (mit Sendemast) 217 m<\/p>\n\n\n\n<p><strong>Ostfildern&nbsp;<\/strong>40.000 Einwohner (4.465 Scharnhausen),&nbsp;2.282 Hektar (482) 14.958 evang. (7.945 kath.)<\/p>\n\n\n\n<p>303 bis 420 \u00fcber NN, Geografische Lage: 9 15 47 O 48 42 31<\/p>\n\n\n\n<p>Lage Nellingerstr. 9\/3 ca. 9 15&#8242; 44&#8220; \u00f6stliche L\u00e4nge, 48 42&#8242; 34&#8220; n\u00f6rdl. Breite<\/p>\n\n\n\n<p><a href=\"https:\/\/middel-online.de\/?page_id=8352\" data-type=\"page\" data-id=\"8352\">Katharina<\/a><\/p>\n\n\n\n<p><strong>Esslingen<\/strong><\/p>\n\n\n\n<figure class=\"wp-block-image size-large\"><img loading=\"lazy\" decoding=\"async\" width=\"1024\" height=\"768\" src=\"https:\/\/middelweb.de\/wordpress\/wp-content\/uploads\/2021\/02\/IMG_9730.jpg\" alt=\"\" class=\"wp-image-8350\" srcset=\"https:\/\/middel-online.de\/wp-content\/uploads\/2021\/02\/IMG_9730.jpg 1024w, https:\/\/middel-online.de\/wp-content\/uploads\/2021\/02\/IMG_9730-300x225.jpg 300w, https:\/\/middel-online.de\/wp-content\/uploads\/2021\/02\/IMG_9730-768x576.jpg 768w\" sizes=\"auto, (max-width: 1024px) 100vw, 1024px\" \/><\/figure>\n\n\n\n<figure class=\"wp-block-image size-large\"><img loading=\"lazy\" decoding=\"async\" width=\"1024\" height=\"674\" src=\"https:\/\/middelweb.de\/wordpress\/wp-content\/uploads\/2021\/09\/Ikarus-vom-Lautertal-1024x674.jpg\" alt=\"\" class=\"wp-image-10556\" srcset=\"https:\/\/middel-online.de\/wp-content\/uploads\/2021\/09\/Ikarus-vom-Lautertal-1024x674.jpg 1024w, https:\/\/middel-online.de\/wp-content\/uploads\/2021\/09\/Ikarus-vom-Lautertal-300x198.jpg 300w, https:\/\/middel-online.de\/wp-content\/uploads\/2021\/09\/Ikarus-vom-Lautertal-768x506.jpg 768w, https:\/\/middel-online.de\/wp-content\/uploads\/2021\/09\/Ikarus-vom-Lautertal.jpg 1166w\" sizes=\"auto, (max-width: 1024px) 100vw, 1024px\" \/><figcaption class=\"wp-element-caption\">Der Ikarus vom Lautertal 1982 (Gustav Mesmer \u2020&nbsp;1994)<\/figcaption><\/figure>\n\n\n\n<p><\/p>\n","protected":false},"excerpt":{"rendered":"<p>Sowohl mit seiner Fl\u00e4che von 35.751&nbsp;km\u00b2&nbsp;als auch mit seinen 10,8 Millionen Einwohnern ist Baden-W\u00fcrttemberg das drittgr\u00f6\u00dfte der 16 deutschen Bundesl\u00e4nder. Seit der Gr\u00fcndung des Bundeslandes im Jahre 1952 hat die Bev\u00f6lkerung um rund vier&#46;&#46;&#46;<\/p>\n","protected":false},"author":1,"featured_media":0,"parent":0,"menu_order":0,"comment_status":"closed","ping_status":"closed","template":"","meta":{"ngg_post_thumbnail":0,"footnotes":""},"class_list":["post-8349","page","type-page","status-publish","hentry"],"_links":{"self":[{"href":"https:\/\/middel-online.de\/index.php?rest_route=\/wp\/v2\/pages\/8349","targetHints":{"allow":["GET"]}}],"collection":[{"href":"https:\/\/middel-online.de\/index.php?rest_route=\/wp\/v2\/pages"}],"about":[{"href":"https:\/\/middel-online.de\/index.php?rest_route=\/wp\/v2\/types\/page"}],"author":[{"embeddable":true,"href":"https:\/\/middel-online.de\/index.php?rest_route=\/wp\/v2\/users\/1"}],"replies":[{"embeddable":true,"href":"https:\/\/middel-online.de\/index.php?rest_route=%2Fwp%2Fv2%2Fcomments&post=8349"}],"version-history":[{"count":5,"href":"https:\/\/middel-online.de\/index.php?rest_route=\/wp\/v2\/pages\/8349\/revisions"}],"predecessor-version":[{"id":12456,"href":"https:\/\/middel-online.de\/index.php?rest_route=\/wp\/v2\/pages\/8349\/revisions\/12456"}],"wp:attachment":[{"href":"https:\/\/middel-online.de\/index.php?rest_route=%2Fwp%2Fv2%2Fmedia&parent=8349"}],"curies":[{"name":"wp","href":"https:\/\/api.w.org\/{rel}","templated":true}]}}