{"id":6774,"date":"2021-02-12T15:56:33","date_gmt":"2021-02-12T14:56:33","guid":{"rendered":"https:\/\/middelweb.de\/wordpress\/?page_id=6774"},"modified":"2024-10-02T08:26:07","modified_gmt":"2024-10-02T07:26:07","slug":"florenz-1987","status":"publish","type":"page","link":"https:\/\/middel-online.de\/?page_id=6774","title":{"rendered":"Florenz, Pisa 1987"},"content":{"rendered":"\n<figure class=\"wp-block-image size-large\"><img loading=\"lazy\" decoding=\"async\" width=\"1024\" height=\"471\" src=\"https:\/\/middelweb.de\/wordpress\/wp-content\/uploads\/2021\/02\/Florenz04-1024x471.jpg\" alt=\"\" class=\"wp-image-6775\" srcset=\"https:\/\/middel-online.de\/wp-content\/uploads\/2021\/02\/Florenz04-1024x471.jpg 1024w, https:\/\/middel-online.de\/wp-content\/uploads\/2021\/02\/Florenz04-300x138.jpg 300w, https:\/\/middel-online.de\/wp-content\/uploads\/2021\/02\/Florenz04-768x353.jpg 768w, https:\/\/middel-online.de\/wp-content\/uploads\/2021\/02\/Florenz04-1536x706.jpg 1536w, https:\/\/middel-online.de\/wp-content\/uploads\/2021\/02\/Florenz04-980x450.jpg 980w, https:\/\/middel-online.de\/wp-content\/uploads\/2021\/02\/Florenz04.jpg 1670w\" sizes=\"auto, (max-width: 1024px) 100vw, 1024px\" \/><\/figure>\n\n\n\n<figure class=\"wp-block-image size-full\"><img loading=\"lazy\" decoding=\"async\" width=\"955\" height=\"731\" src=\"https:\/\/middelweb.de\/wordpress\/wp-content\/uploads\/2024\/03\/Florenz-2024-03-01_092809.jpg\" alt=\"\" class=\"wp-image-11684\" srcset=\"https:\/\/middel-online.de\/wp-content\/uploads\/2024\/03\/Florenz-2024-03-01_092809.jpg 955w, https:\/\/middel-online.de\/wp-content\/uploads\/2024\/03\/Florenz-2024-03-01_092809-300x230.jpg 300w, https:\/\/middel-online.de\/wp-content\/uploads\/2024\/03\/Florenz-2024-03-01_092809-768x588.jpg 768w\" sizes=\"auto, (max-width: 955px) 100vw, 955px\" \/><\/figure>\n\n\n\n<p>Zu dem Team, das dem Stadtbild von Florenz zu neuem Glanz verhelfen soll, geh\u00f6ren die bedeutendsten Architekten unserer Zeit. Sir Norman Foster wurde beispielsweise mit dem Entwurf eines Bahnhofs f\u00fcr Hochgeschwindigkeitsz\u00fcge beauftragt. Riesige Gew\u00f6lbe aus Stahl und Glas werden Licht in jede Ecke bringen. Jean Nouvel wird das alte Fiat-Werk in der Viale Belfiore erneuern und Richard Rogers wird in der Nachbarstadt Scandicci die Altstadt renovieren. Santiago Calatrava gewann den Wettbewerb f\u00fcr die Erweiterung der Ponte della Vittoria, die sich \u00fcber den Arno spannt, und f\u00fcr den Anbau des Museo dell&#8217;Opera del Duomo, das die bedeutendste Skulpturensammlung des Mittelalters und der Renaissance besitzt. Allerdings trat er von letzterem Auftrag zur\u00fcck, der mittlerweile in die H\u00e4nde des floren tinischen Architekten Adolfo Natalini gelegt wurde. So bereitet sich Florenz auf die Herausforderungen des 21. Jahrhunderts vor. Es galt lange Zeit als die konservativste Stadt Italiens, mit H\u00e4usern, die sich eng zusammengedr\u00e4ngt um die Altstadt scharen, deren Bl\u00fctezeit zwischen dem 13. und 15. Jahrhundert lag. Mitte des 13. Jahrhunderts genossen die florentinischen Gilden &#8211; trotz der Konflikte zwischen den papsttreuen Guelfen und den kaisertreuen Ghibellinen &#8211; die uneingeschr\u00e4nkte Handelsmacht. Mit Unterst\u00fctzung der reichsten Familien von Florenz lockten sie eine gro\u00dfe Schar von K\u00fcnstlern in die Stadt, angefangen von Cimabue und Gaddo Gaddi, gefolgt von Giotto und anderen Architekten, wie Arnolfo di Cambio und Filippo Brunelleschi. Es entstanden viele monumentale Werke wie der Palazzo Vecchio und die Basilica di Santa Croce, aber auch das ehrgeizigste Projekt, der Duomo (die Kathedrale Santa Maria del Fiore). 150 Jahre dauerten die Arbeiten an dem Bau nach einem Entwurf von Arnolfo di Cambio, der mit Giottos Glockenturm verziert und von Brunelleschis Kuppel gekr\u00f6nt wird. Im 16. Jahrhundert schlie\u00dflich schuf Giorgio Vasari im Inneren des Domes sein au\u00dfergew\u00f6hnliches Fresko Das J\u00fcngste Gericht. Das empfindliche Gleichgewicht zwischen den florentinischen M\u00e4chten wurde Mitte des 14. Jahrhunderts gest\u00f6rt. Die gro\u00dfe Pest von 1348 dezimierte die Bev\u00f6lkerung um fast die H\u00e4lfte und versetzte den \u00dcberlebenden einen schweren Schlag. Die Unzufriedenheit der Florentiner gipfelte 1378 im Ciompi Aufstand, doch Mitte des folgenden Jahrhunderts gelangte dieStadt durch den Aufstieg der Familie Medici zu neuem Wohlstand.<\/p>\n\n\n\n<p>Die f\u00fchrenden B\u00fcrger der Stadt lie\u00dfen sich prachtvolle Residenzen erbauen, wie den Palazzo Medici Riccardi, den Palazzo Strozzi, den Palazzo Rucellai und den Palazzo Pucci. Am luxuri\u00f6sesten war jedoch der Palazzo Pitti mit seiner Fassade aus Quadersteinen, den Brunelleschi 1458 f\u00fcr den Bankier Lucio Pitti entwarf. Als Pitti starb wurden die Arbeiten an dem Palast fast ein Jahrhundert lang eingestellt. Dann \u00fcbernahm der Medici Herrscher Cosimo den Palazzo als neue Familienresidenz. Der angegliederte, 5 Hektar gro\u00dfe Renaissance-Park ist heute als Giardino di Boboli bekannt. Im Palazzo Pitti selbst kann man die Kunstsammlung der Medici bewundern, mit Meisterwerken von Tizian, Tintoretto, Caravaggio und Rubens. Trotzdem befindet sich der gr\u00f6\u00dfte Teil der Kunstwerke heute in den Uffizien. <\/p>\n\n\n\n<p>Seinen Namen erhielt dieses Geb\u00e4ude, weil Cosimo I. darin die B\u00fcros (italienisch: uffici) des Magistrats unterbringen wollte. Nach seinem Tod im Jahr 1581 benutzten seine Erben den Bau, um darin ihren Reichtum an Kunstwerken zur Schau zu stellen. Sp\u00e4ter wurden die Sammlungen von den \u00f6sterreichischen Lothringern erweitert, die 1737 das Gro\u00dfherzogtum Florenz von den Medici \u00fcbernahmen.<\/p>\n\n\n\n<p>Nach dem Einfall Napoleons in Italien erlebte Florenz als neue Hauptstadt des italienischen Reiches eine weitere \u00c4ra des Ruhmes, die von 1865 bis 1871 w\u00e4hrte. Die Stadt blieb immer mit ihrer Architektur eng mit den Goldenen Zeiten verbunden. Dies macht die Herausforderung des neuen St\u00e4dteplanprojektes gr\u00f6\u00dfer und wichtiger denn je.<\/p>\n\n\n\n<figure class=\"wp-block-image size-large\"><img loading=\"lazy\" decoding=\"async\" width=\"1024\" height=\"655\" src=\"https:\/\/middel-online.de\/wp-content\/uploads\/2024\/10\/Foto_2024-10-01_145825-1024x655.jpg\" alt=\"\" class=\"wp-image-12575\" srcset=\"https:\/\/middel-online.de\/wp-content\/uploads\/2024\/10\/Foto_2024-10-01_145825-1024x655.jpg 1024w, https:\/\/middel-online.de\/wp-content\/uploads\/2024\/10\/Foto_2024-10-01_145825-300x192.jpg 300w, https:\/\/middel-online.de\/wp-content\/uploads\/2024\/10\/Foto_2024-10-01_145825-768x492.jpg 768w, https:\/\/middel-online.de\/wp-content\/uploads\/2024\/10\/Foto_2024-10-01_145825-1536x983.jpg 1536w, https:\/\/middel-online.de\/wp-content\/uploads\/2024\/10\/Foto_2024-10-01_145825-2048x1311.jpg 2048w\" sizes=\"auto, (max-width: 1024px) 100vw, 1024px\" \/><\/figure>\n\n\n\n<figure class=\"wp-block-image size-large\"><img loading=\"lazy\" decoding=\"async\" width=\"1024\" height=\"689\" src=\"https:\/\/middel-online.de\/wp-content\/uploads\/2024\/03\/Dokument_2024-03-21_120531-8-1024x689.jpg\" alt=\"\" class=\"wp-image-12127\" srcset=\"https:\/\/middel-online.de\/wp-content\/uploads\/2024\/03\/Dokument_2024-03-21_120531-8-1024x689.jpg 1024w, https:\/\/middel-online.de\/wp-content\/uploads\/2024\/03\/Dokument_2024-03-21_120531-8-300x202.jpg 300w, https:\/\/middel-online.de\/wp-content\/uploads\/2024\/03\/Dokument_2024-03-21_120531-8-768x517.jpg 768w, https:\/\/middel-online.de\/wp-content\/uploads\/2024\/03\/Dokument_2024-03-21_120531-8-1536x1034.jpg 1536w, https:\/\/middel-online.de\/wp-content\/uploads\/2024\/03\/Dokument_2024-03-21_120531-8.jpg 1783w\" sizes=\"auto, (max-width: 1024px) 100vw, 1024px\" \/><\/figure>\n\n\n\n<figure class=\"wp-block-image size-large\"><img loading=\"lazy\" decoding=\"async\" width=\"1024\" height=\"509\" src=\"https:\/\/middel-online.de\/wp-content\/uploads\/2024\/03\/Florenz-87-2-1024x509.jpg\" alt=\"\" class=\"wp-image-12128\" srcset=\"https:\/\/middel-online.de\/wp-content\/uploads\/2024\/03\/Florenz-87-2-1024x509.jpg 1024w, https:\/\/middel-online.de\/wp-content\/uploads\/2024\/03\/Florenz-87-2-300x149.jpg 300w, https:\/\/middel-online.de\/wp-content\/uploads\/2024\/03\/Florenz-87-2-768x382.jpg 768w, https:\/\/middel-online.de\/wp-content\/uploads\/2024\/03\/Florenz-87-2-1536x764.jpg 1536w, https:\/\/middel-online.de\/wp-content\/uploads\/2024\/03\/Florenz-87-2.jpg 1603w\" sizes=\"auto, (max-width: 1024px) 100vw, 1024px\" \/><\/figure>\n\n\n\n<div class=\"wp-block-columns is-layout-flex wp-container-core-columns-is-layout-9d6595d7 wp-block-columns-is-layout-flex\">\n<div class=\"wp-block-column is-layout-flow wp-block-column-is-layout-flow\">\n<figure class=\"wp-block-image size-large\"><img loading=\"lazy\" decoding=\"async\" width=\"707\" height=\"1024\" src=\"https:\/\/middel-online.de\/wp-content\/uploads\/2024\/10\/Foto_2024-10-02_085707-1-707x1024.jpg\" alt=\"\" class=\"wp-image-12586\" srcset=\"https:\/\/middel-online.de\/wp-content\/uploads\/2024\/10\/Foto_2024-10-02_085707-1-707x1024.jpg 707w, https:\/\/middel-online.de\/wp-content\/uploads\/2024\/10\/Foto_2024-10-02_085707-1-207x300.jpg 207w, https:\/\/middel-online.de\/wp-content\/uploads\/2024\/10\/Foto_2024-10-02_085707-1-768x1113.jpg 768w, https:\/\/middel-online.de\/wp-content\/uploads\/2024\/10\/Foto_2024-10-02_085707-1-1060x1536.jpg 1060w, https:\/\/middel-online.de\/wp-content\/uploads\/2024\/10\/Foto_2024-10-02_085707-1.jpg 1188w\" sizes=\"auto, (max-width: 707px) 100vw, 707px\" \/><\/figure>\n<\/div>\n\n\n\n<div class=\"wp-block-column is-layout-flow wp-block-column-is-layout-flow\">\n<figure class=\"wp-block-image size-large\"><img loading=\"lazy\" decoding=\"async\" width=\"711\" height=\"1024\" src=\"https:\/\/middel-online.de\/wp-content\/uploads\/2024\/10\/Florenz202-711x1024.jpg\" alt=\"\" class=\"wp-image-12587\" srcset=\"https:\/\/middel-online.de\/wp-content\/uploads\/2024\/10\/Florenz202-711x1024.jpg 711w, https:\/\/middel-online.de\/wp-content\/uploads\/2024\/10\/Florenz202-208x300.jpg 208w, https:\/\/middel-online.de\/wp-content\/uploads\/2024\/10\/Florenz202-768x1106.jpg 768w, https:\/\/middel-online.de\/wp-content\/uploads\/2024\/10\/Florenz202-1067x1536.jpg 1067w, https:\/\/middel-online.de\/wp-content\/uploads\/2024\/10\/Florenz202-1422x2048.jpg 1422w, https:\/\/middel-online.de\/wp-content\/uploads\/2024\/10\/Florenz202-scaled.jpg 1778w\" sizes=\"auto, (max-width: 711px) 100vw, 711px\" \/><\/figure>\n<\/div>\n<\/div>\n\n\n\n<figure class=\"wp-block-image size-large\"><img loading=\"lazy\" decoding=\"async\" width=\"1024\" height=\"718\" src=\"https:\/\/middel-online.de\/wp-content\/uploads\/2024\/10\/Foto_2024-10-02_085552-1024x718.jpg\" alt=\"\" class=\"wp-image-12588\" srcset=\"https:\/\/middel-online.de\/wp-content\/uploads\/2024\/10\/Foto_2024-10-02_085552-1024x718.jpg 1024w, https:\/\/middel-online.de\/wp-content\/uploads\/2024\/10\/Foto_2024-10-02_085552-300x210.jpg 300w, https:\/\/middel-online.de\/wp-content\/uploads\/2024\/10\/Foto_2024-10-02_085552-768x538.jpg 768w, https:\/\/middel-online.de\/wp-content\/uploads\/2024\/10\/Foto_2024-10-02_085552-1536x1076.jpg 1536w, https:\/\/middel-online.de\/wp-content\/uploads\/2024\/10\/Foto_2024-10-02_085552.jpg 1721w\" sizes=\"auto, (max-width: 1024px) 100vw, 1024px\" \/><\/figure>\n\n\n\n<figure class=\"wp-block-image size-large\"><img loading=\"lazy\" decoding=\"async\" width=\"1024\" height=\"740\" src=\"https:\/\/middel-online.de\/wp-content\/uploads\/2024\/03\/2024-03-21_120020-1024x740.jpg\" alt=\"\" class=\"wp-image-12123\" srcset=\"https:\/\/middel-online.de\/wp-content\/uploads\/2024\/03\/2024-03-21_120020-1024x740.jpg 1024w, https:\/\/middel-online.de\/wp-content\/uploads\/2024\/03\/2024-03-21_120020-300x217.jpg 300w, https:\/\/middel-online.de\/wp-content\/uploads\/2024\/03\/2024-03-21_120020-768x555.jpg 768w, https:\/\/middel-online.de\/wp-content\/uploads\/2024\/03\/2024-03-21_120020-1536x1110.jpg 1536w, https:\/\/middel-online.de\/wp-content\/uploads\/2024\/03\/2024-03-21_120020.jpg 1660w\" sizes=\"auto, (max-width: 1024px) 100vw, 1024px\" \/><\/figure>\n\n\n\n<figure class=\"wp-block-image size-large\"><img loading=\"lazy\" decoding=\"async\" width=\"1024\" height=\"740\" src=\"https:\/\/middel-online.de\/wp-content\/uploads\/2024\/03\/Dokument_2024-03-21_120040-2-1024x740.jpg\" alt=\"\" class=\"wp-image-12122\" srcset=\"https:\/\/middel-online.de\/wp-content\/uploads\/2024\/03\/Dokument_2024-03-21_120040-2-1024x740.jpg 1024w, https:\/\/middel-online.de\/wp-content\/uploads\/2024\/03\/Dokument_2024-03-21_120040-2-300x217.jpg 300w, https:\/\/middel-online.de\/wp-content\/uploads\/2024\/03\/Dokument_2024-03-21_120040-2-768x555.jpg 768w, https:\/\/middel-online.de\/wp-content\/uploads\/2024\/03\/Dokument_2024-03-21_120040-2-1536x1110.jpg 1536w, https:\/\/middel-online.de\/wp-content\/uploads\/2024\/03\/Dokument_2024-03-21_120040-2.jpg 1660w\" sizes=\"auto, (max-width: 1024px) 100vw, 1024px\" \/><\/figure>\n\n\n\n<figure class=\"wp-block-image size-large\"><img loading=\"lazy\" decoding=\"async\" width=\"1024\" height=\"740\" src=\"https:\/\/middel-online.de\/wp-content\/uploads\/2024\/03\/Dokument_2024-03-21_120102-3-1024x740.jpg\" alt=\"\" class=\"wp-image-12121\" srcset=\"https:\/\/middel-online.de\/wp-content\/uploads\/2024\/03\/Dokument_2024-03-21_120102-3-1024x740.jpg 1024w, https:\/\/middel-online.de\/wp-content\/uploads\/2024\/03\/Dokument_2024-03-21_120102-3-300x217.jpg 300w, https:\/\/middel-online.de\/wp-content\/uploads\/2024\/03\/Dokument_2024-03-21_120102-3-768x555.jpg 768w, https:\/\/middel-online.de\/wp-content\/uploads\/2024\/03\/Dokument_2024-03-21_120102-3-1536x1110.jpg 1536w, https:\/\/middel-online.de\/wp-content\/uploads\/2024\/03\/Dokument_2024-03-21_120102-3.jpg 1660w\" sizes=\"auto, (max-width: 1024px) 100vw, 1024px\" \/><\/figure>\n\n\n\n<figure class=\"wp-block-image size-large\"><img loading=\"lazy\" decoding=\"async\" width=\"1024\" height=\"759\" src=\"https:\/\/middel-online.de\/wp-content\/uploads\/2024\/03\/Dokument_2024-03-21_120129-4-1024x759.jpg\" alt=\"\" class=\"wp-image-12120\" srcset=\"https:\/\/middel-online.de\/wp-content\/uploads\/2024\/03\/Dokument_2024-03-21_120129-4-1024x759.jpg 1024w, https:\/\/middel-online.de\/wp-content\/uploads\/2024\/03\/Dokument_2024-03-21_120129-4-300x222.jpg 300w, https:\/\/middel-online.de\/wp-content\/uploads\/2024\/03\/Dokument_2024-03-21_120129-4-768x569.jpg 768w, https:\/\/middel-online.de\/wp-content\/uploads\/2024\/03\/Dokument_2024-03-21_120129-4-1536x1138.jpg 1536w, https:\/\/middel-online.de\/wp-content\/uploads\/2024\/03\/Dokument_2024-03-21_120129-4.jpg 1620w\" sizes=\"auto, (max-width: 1024px) 100vw, 1024px\" \/><\/figure>\n\n\n\n<figure class=\"wp-block-image size-large\"><img loading=\"lazy\" decoding=\"async\" width=\"1024\" height=\"366\" src=\"https:\/\/middel-online.de\/wp-content\/uploads\/2024\/10\/Foto_2024-10-02_085834-3-1024x366.jpg\" alt=\"\" class=\"wp-image-12589\" srcset=\"https:\/\/middel-online.de\/wp-content\/uploads\/2024\/10\/Foto_2024-10-02_085834-3-1024x366.jpg 1024w, https:\/\/middel-online.de\/wp-content\/uploads\/2024\/10\/Foto_2024-10-02_085834-3-300x107.jpg 300w, https:\/\/middel-online.de\/wp-content\/uploads\/2024\/10\/Foto_2024-10-02_085834-3-768x275.jpg 768w, https:\/\/middel-online.de\/wp-content\/uploads\/2024\/10\/Foto_2024-10-02_085834-3-1536x549.jpg 1536w, https:\/\/middel-online.de\/wp-content\/uploads\/2024\/10\/Foto_2024-10-02_085834-3-2048x732.jpg 2048w\" sizes=\"auto, (max-width: 1024px) 100vw, 1024px\" \/><\/figure>\n\n\n\n<p class=\"has-text-align-center\">Uffizien<\/p>\n\n\n\n<figure class=\"wp-block-image size-large\"><img loading=\"lazy\" decoding=\"async\" width=\"1024\" height=\"502\" src=\"https:\/\/middelweb.de\/wordpress\/wp-content\/uploads\/2021\/02\/Florenz_0003-1024x502.jpg\" alt=\"\" class=\"wp-image-6778\" srcset=\"https:\/\/middel-online.de\/wp-content\/uploads\/2021\/02\/Florenz_0003-1024x502.jpg 1024w, https:\/\/middel-online.de\/wp-content\/uploads\/2021\/02\/Florenz_0003-300x147.jpg 300w, https:\/\/middel-online.de\/wp-content\/uploads\/2021\/02\/Florenz_0003-768x377.jpg 768w, https:\/\/middel-online.de\/wp-content\/uploads\/2021\/02\/Florenz_0003-1536x753.jpg 1536w, https:\/\/middel-online.de\/wp-content\/uploads\/2021\/02\/Florenz_0003.jpg 1566w\" sizes=\"auto, (max-width: 1024px) 100vw, 1024px\" \/><\/figure>\n\n\n\n<figure class=\"wp-block-image size-large\"><img loading=\"lazy\" decoding=\"async\" width=\"1024\" height=\"687\" src=\"https:\/\/middelweb.de\/wordpress\/wp-content\/uploads\/2021\/02\/Florenz_0005-1024x687.jpg\" alt=\"\" class=\"wp-image-6779\" srcset=\"https:\/\/middel-online.de\/wp-content\/uploads\/2021\/02\/Florenz_0005-1024x687.jpg 1024w, https:\/\/middel-online.de\/wp-content\/uploads\/2021\/02\/Florenz_0005-300x201.jpg 300w, https:\/\/middel-online.de\/wp-content\/uploads\/2021\/02\/Florenz_0005-768x516.jpg 768w, https:\/\/middel-online.de\/wp-content\/uploads\/2021\/02\/Florenz_0005.jpg 1144w\" sizes=\"auto, (max-width: 1024px) 100vw, 1024px\" \/><\/figure>\n\n\n\n<p>R\u00fcckflug Pisa &#8211; Frankfurt<\/p>\n\n\n\nngg_shortcode_0_placeholder\n","protected":false},"excerpt":{"rendered":"<p>Zu dem Team, das dem Stadtbild von Florenz zu neuem Glanz verhelfen soll, geh\u00f6ren die bedeutendsten Architekten unserer Zeit. Sir Norman Foster wurde beispielsweise mit dem Entwurf eines Bahnhofs f\u00fcr Hochgeschwindigkeitsz\u00fcge beauftragt. Riesige Gew\u00f6lbe&#46;&#46;&#46;<\/p>\n","protected":false},"author":1,"featured_media":0,"parent":0,"menu_order":0,"comment_status":"closed","ping_status":"closed","template":"","meta":{"ngg_post_thumbnail":0,"footnotes":""},"class_list":["post-6774","page","type-page","status-publish","hentry"],"_links":{"self":[{"href":"https:\/\/middel-online.de\/index.php?rest_route=\/wp\/v2\/pages\/6774","targetHints":{"allow":["GET"]}}],"collection":[{"href":"https:\/\/middel-online.de\/index.php?rest_route=\/wp\/v2\/pages"}],"about":[{"href":"https:\/\/middel-online.de\/index.php?rest_route=\/wp\/v2\/types\/page"}],"author":[{"embeddable":true,"href":"https:\/\/middel-online.de\/index.php?rest_route=\/wp\/v2\/users\/1"}],"replies":[{"embeddable":true,"href":"https:\/\/middel-online.de\/index.php?rest_route=%2Fwp%2Fv2%2Fcomments&post=6774"}],"version-history":[{"count":10,"href":"https:\/\/middel-online.de\/index.php?rest_route=\/wp\/v2\/pages\/6774\/revisions"}],"predecessor-version":[{"id":12591,"href":"https:\/\/middel-online.de\/index.php?rest_route=\/wp\/v2\/pages\/6774\/revisions\/12591"}],"wp:attachment":[{"href":"https:\/\/middel-online.de\/index.php?rest_route=%2Fwp%2Fv2%2Fmedia&parent=6774"}],"curies":[{"name":"wp","href":"https:\/\/api.w.org\/{rel}","templated":true}]}}