{"id":6013,"date":"2021-02-11T12:55:55","date_gmt":"2021-02-11T11:55:55","guid":{"rendered":"https:\/\/middelweb.de\/wordpress\/?page_id=6013"},"modified":"2021-02-11T12:55:56","modified_gmt":"2021-02-11T11:55:56","slug":"abendlied","status":"publish","type":"page","link":"https:\/\/middel-online.de\/?page_id=6013","title":{"rendered":"Abendlied"},"content":{"rendered":"\n<h3 class=\"wp-block-heading\"><strong>Abendlied<\/strong>&nbsp;(von Dietrich Mendt)<\/h3>\n\n\n\n<figure class=\"wp-block-image size-large\"><img loading=\"lazy\" decoding=\"async\" width=\"739\" height=\"1024\" src=\"https:\/\/middelweb.de\/wordpress\/wp-content\/uploads\/2021\/02\/Abebdlied-739x1024.jpg\" alt=\"\" class=\"wp-image-6014\" srcset=\"https:\/\/middel-online.de\/wp-content\/uploads\/2021\/02\/Abebdlied-739x1024.jpg 739w, https:\/\/middel-online.de\/wp-content\/uploads\/2021\/02\/Abebdlied-216x300.jpg 216w, https:\/\/middel-online.de\/wp-content\/uploads\/2021\/02\/Abebdlied-768x1064.jpg 768w, https:\/\/middel-online.de\/wp-content\/uploads\/2021\/02\/Abebdlied-1108x1536.jpg 1108w, https:\/\/middel-online.de\/wp-content\/uploads\/2021\/02\/Abebdlied-1478x2048.jpg 1478w, https:\/\/middel-online.de\/wp-content\/uploads\/2021\/02\/Abebdlied.jpg 1700w\" sizes=\"auto, (max-width: 739px) 100vw, 739px\" \/><\/figure>\n\n\n\n<p>Refrain:&nbsp;Lieber Gott, nun la\u00df uns ruhig schlafen, und hab bitte auf auf die Nacht!<\/p>\n\n\n\n<p>Und pa\u00df auf auf unsere Tr\u00e4ume, dass unser Schlaf uns Freude macht!<\/p>\n\n\n\n<p>Lieber Gott, deine Sonne sagt nun: \u201eGute Nacht\u201c<\/p>\n\n\n\n<p>und der Mond sagt: \u201eGuten Tag\u201c, weil er die Nacht bewacht.<\/p>\n\n\n\n<p>Eh der Wald einschl\u00e4ft, zieht er an sein schwarzes Kleid.<\/p>\n\n\n\n<p>Nur der Uhu ruft: \u201eUhu\u201c und der Waldkauz schreit.<\/p>\n\n\n\n<p>Refrain:&nbsp;Lieber Gott, nun la\u00df uns ruhig schlafen, und hab bitte auf auf die Nacht!<\/p>\n\n\n\n<p>Und pa\u00df auf auf unsere Tr\u00e4ume, dass unser Schlaf uns Freude macht!<\/p>\n\n\n\n<p>Alle Grillen singen noch ein kleines Abendlied<\/p>\n\n\n\n<p>und die Bienen bringen rasch den letzten Honig mit.<\/p>\n\n\n\n<p>Alle kleinen K\u00e4fer krabbeln auf ihr Bettchen rauf<\/p>\n\n\n\n<p>und die gro\u00dfen K\u00e4fer bleiben noch ein halbes St\u00fcndchen auf.<\/p>\n\n\n\n<p>Refrain:&nbsp;Lieber Gott, nun la\u00df uns ruhig schlafen, und hab bitte auf auf die Nacht!<\/p>\n\n\n\n<p>Und pa\u00df auf auf unsere Tr\u00e4ume, dass unser Schlaf uns Freude macht!<\/p>\n\n\n\n<p>Alle H\u00e4user schlie\u00dfen sorgsam ihre Haust\u00fcren zu<\/p>\n\n\n\n<p>und die alten und die neuen Autos fahren zur Ruh.<\/p>\n\n\n\n<p>Der Konditor reibt die Augen, denn der Schlaf sitzt schon drin,<\/p>\n\n\n\n<p>doch er muss noch eine Torte aus dem Backofen ziehn.<\/p>\n\n\n\n<p>Refrain:&nbsp;Lieber Gott, nun la\u00df uns ruhig schlafen, und hab bitte auf auf die Nacht!<\/p>\n\n\n\n<p>Und pa\u00df auf auf unsere Tr\u00e4ume, dass unser Schlaf uns Freude macht!<\/p>\n\n\n\n<p>Alle Schornsteine schauen m\u00fcde aus den D\u00e4chern raus<\/p>\n\n\n\n<p>und die Heizer gehn jetzt schlafen und die \u00d6fen gehen aus.<\/p>\n\n\n\n<p>Alle Christen danken Gott f\u00fcr ihren Tageslauf.<\/p>\n\n\n\n<p>Keine Angst! Auch wer kein Christ ist, auf den passt Gott auf!<\/p>\n\n\n\n<p>Refrain:&nbsp;Lieber Gott, nun la\u00df uns ruhig schlafen, und hab bitte auf auf die Nacht!<\/p>\n\n\n\n<p>Und pa\u00df auf auf unsere Tr\u00e4ume, dass unser Schlaf uns Freude macht!<\/p>\n","protected":false},"excerpt":{"rendered":"<p>Abendlied&nbsp;(von Dietrich Mendt) Refrain:&nbsp;Lieber Gott, nun la\u00df uns ruhig schlafen, und hab bitte auf auf die Nacht! Und pa\u00df auf auf unsere Tr\u00e4ume, dass unser Schlaf uns Freude macht! Lieber Gott, deine Sonne sagt&#46;&#46;&#46;<\/p>\n","protected":false},"author":1,"featured_media":0,"parent":0,"menu_order":0,"comment_status":"closed","ping_status":"closed","template":"","meta":{"ngg_post_thumbnail":0,"footnotes":""},"class_list":["post-6013","page","type-page","status-publish","hentry"],"_links":{"self":[{"href":"https:\/\/middel-online.de\/index.php?rest_route=\/wp\/v2\/pages\/6013","targetHints":{"allow":["GET"]}}],"collection":[{"href":"https:\/\/middel-online.de\/index.php?rest_route=\/wp\/v2\/pages"}],"about":[{"href":"https:\/\/middel-online.de\/index.php?rest_route=\/wp\/v2\/types\/page"}],"author":[{"embeddable":true,"href":"https:\/\/middel-online.de\/index.php?rest_route=\/wp\/v2\/users\/1"}],"replies":[{"embeddable":true,"href":"https:\/\/middel-online.de\/index.php?rest_route=%2Fwp%2Fv2%2Fcomments&post=6013"}],"version-history":[{"count":1,"href":"https:\/\/middel-online.de\/index.php?rest_route=\/wp\/v2\/pages\/6013\/revisions"}],"predecessor-version":[{"id":6015,"href":"https:\/\/middel-online.de\/index.php?rest_route=\/wp\/v2\/pages\/6013\/revisions\/6015"}],"wp:attachment":[{"href":"https:\/\/middel-online.de\/index.php?rest_route=%2Fwp%2Fv2%2Fmedia&parent=6013"}],"curies":[{"name":"wp","href":"https:\/\/api.w.org\/{rel}","templated":true}]}}