{"id":579,"date":"2021-02-02T13:59:47","date_gmt":"2021-02-02T12:59:47","guid":{"rendered":"https:\/\/middelweb.de\/wordpress\/?page_id=579"},"modified":"2024-11-02T13:00:25","modified_gmt":"2024-11-02T12:00:25","slug":"wien-2019","status":"publish","type":"page","link":"https:\/\/middel-online.de\/?page_id=579","title":{"rendered":"Wien 2019"},"content":{"rendered":"\n<div class=\"wp-block-columns is-layout-flex wp-container-core-columns-is-layout-9d6595d7 wp-block-columns-is-layout-flex\">\n<div class=\"wp-block-column is-layout-flow wp-block-column-is-layout-flow\">\n<figure class=\"wp-block-image size-large\"><img loading=\"lazy\" decoding=\"async\" width=\"728\" height=\"1024\" src=\"https:\/\/middelweb.de\/wordpress\/wp-content\/uploads\/2024\/04\/Dokument_2024-04-10_144844-2-728x1024.jpg\" alt=\"\" class=\"wp-image-12280\" srcset=\"https:\/\/middel-online.de\/wp-content\/uploads\/2024\/04\/Dokument_2024-04-10_144844-2-728x1024.jpg 728w, https:\/\/middel-online.de\/wp-content\/uploads\/2024\/04\/Dokument_2024-04-10_144844-2-213x300.jpg 213w, https:\/\/middel-online.de\/wp-content\/uploads\/2024\/04\/Dokument_2024-04-10_144844-2-768x1080.jpg 768w, https:\/\/middel-online.de\/wp-content\/uploads\/2024\/04\/Dokument_2024-04-10_144844-2-1092x1536.jpg 1092w, https:\/\/middel-online.de\/wp-content\/uploads\/2024\/04\/Dokument_2024-04-10_144844-2-1456x2048.jpg 1456w, https:\/\/middel-online.de\/wp-content\/uploads\/2024\/04\/Dokument_2024-04-10_144844-2-scaled.jpg 1820w\" sizes=\"auto, (max-width: 728px) 100vw, 728px\" \/><\/figure>\n<\/div>\n\n\n\n<div class=\"wp-block-column is-layout-flow wp-block-column-is-layout-flow\">\n<figure class=\"wp-block-image size-large\"><img loading=\"lazy\" decoding=\"async\" width=\"728\" height=\"1024\" src=\"https:\/\/middelweb.de\/wordpress\/wp-content\/uploads\/2024\/04\/Dokument_2024-04-10_144854-3-728x1024.jpg\" alt=\"\" class=\"wp-image-12281\" srcset=\"https:\/\/middel-online.de\/wp-content\/uploads\/2024\/04\/Dokument_2024-04-10_144854-3-728x1024.jpg 728w, https:\/\/middel-online.de\/wp-content\/uploads\/2024\/04\/Dokument_2024-04-10_144854-3-213x300.jpg 213w, https:\/\/middel-online.de\/wp-content\/uploads\/2024\/04\/Dokument_2024-04-10_144854-3-768x1080.jpg 768w, https:\/\/middel-online.de\/wp-content\/uploads\/2024\/04\/Dokument_2024-04-10_144854-3-1092x1536.jpg 1092w, https:\/\/middel-online.de\/wp-content\/uploads\/2024\/04\/Dokument_2024-04-10_144854-3-1456x2048.jpg 1456w, https:\/\/middel-online.de\/wp-content\/uploads\/2024\/04\/Dokument_2024-04-10_144854-3-scaled.jpg 1820w\" sizes=\"auto, (max-width: 728px) 100vw, 728px\" \/><\/figure>\n<\/div>\n<\/div>\n\n\n\n<figure class=\"wp-block-image size-large\"><img loading=\"lazy\" decoding=\"async\" width=\"1000\" height=\"296\" src=\"https:\/\/middelweb.de\/wordpress\/wp-content\/uploads\/2021\/02\/Wien2019_0003.jpg\" alt=\"\" class=\"wp-image-678\" srcset=\"https:\/\/middel-online.de\/wp-content\/uploads\/2021\/02\/Wien2019_0003.jpg 1000w, https:\/\/middel-online.de\/wp-content\/uploads\/2021\/02\/Wien2019_0003-300x89.jpg 300w, https:\/\/middel-online.de\/wp-content\/uploads\/2021\/02\/Wien2019_0003-768x227.jpg 768w\" sizes=\"auto, (max-width: 1000px) 100vw, 1000px\" \/><\/figure>\n\n\n\n<p><strong>TIP<\/strong><\/p>\n\n\n\n<p>Wenn man eine Ein- oder Mehrtageskarte f\u00fcr <a href=\"https:\/\/1drv.ms\/u\/s!Aix7_mdwWWysg8cZb06QID6RTufDNA?e=9iy9T4\">Wien<\/a> hat (die gibts ab 5,80 \u20ac 1 Tag Wien) braucht man vom Flughafen bzw. zur\u00fcck nur noch einen Fahrschein Wien Kernzonengrenze &#8211; Flughafen f\u00fcr nur 1,80 \u20ac. Der \u00d6BB Railjet braucht nur 15 Minuten bis zum Hauptbahnhof.<\/p>\n\n\n\n<figure class=\"wp-block-image size-large\"><img loading=\"lazy\" decoding=\"async\" width=\"1024\" height=\"736\" src=\"https:\/\/middelweb.de\/wordpress\/wp-content\/uploads\/2021\/02\/Wien2019_0002-1024x736.jpg\" alt=\"\" class=\"wp-image-679\" srcset=\"https:\/\/middel-online.de\/wp-content\/uploads\/2021\/02\/Wien2019_0002-1024x736.jpg 1024w, https:\/\/middel-online.de\/wp-content\/uploads\/2021\/02\/Wien2019_0002-300x216.jpg 300w, https:\/\/middel-online.de\/wp-content\/uploads\/2021\/02\/Wien2019_0002-768x552.jpg 768w, https:\/\/middel-online.de\/wp-content\/uploads\/2021\/02\/Wien2019_0002-1536x1104.jpg 1536w, https:\/\/middel-online.de\/wp-content\/uploads\/2021\/02\/Wien2019_0002.jpg 1727w\" sizes=\"auto, (max-width: 1024px) 100vw, 1024px\" \/><\/figure>\n\n\n\n<div class=\"wp-block-columns is-layout-flex wp-container-core-columns-is-layout-9d6595d7 wp-block-columns-is-layout-flex\">\n<div class=\"wp-block-column is-layout-flow wp-block-column-is-layout-flow\">\n<figure class=\"wp-block-image size-large\"><img loading=\"lazy\" decoding=\"async\" width=\"619\" height=\"1024\" src=\"https:\/\/middelweb.de\/wordpress\/wp-content\/uploads\/2021\/02\/Wien2019MaP-619x1024.jpg\" alt=\"\" class=\"wp-image-680\" srcset=\"https:\/\/middel-online.de\/wp-content\/uploads\/2021\/02\/Wien2019MaP-619x1024.jpg 619w, https:\/\/middel-online.de\/wp-content\/uploads\/2021\/02\/Wien2019MaP-181x300.jpg 181w, https:\/\/middel-online.de\/wp-content\/uploads\/2021\/02\/Wien2019MaP-768x1270.jpg 768w, https:\/\/middel-online.de\/wp-content\/uploads\/2021\/02\/Wien2019MaP-929x1536.jpg 929w, https:\/\/middel-online.de\/wp-content\/uploads\/2021\/02\/Wien2019MaP-1238x2048.jpg 1238w, https:\/\/middel-online.de\/wp-content\/uploads\/2021\/02\/Wien2019MaP-scaled.jpg 1548w\" sizes=\"auto, (max-width: 619px) 100vw, 619px\" \/><\/figure>\n<\/div>\n\n\n\n<div class=\"wp-block-column is-layout-flow wp-block-column-is-layout-flow\">\n<figure class=\"wp-block-image size-large\"><img loading=\"lazy\" decoding=\"async\" width=\"620\" height=\"1024\" src=\"https:\/\/middelweb.de\/wordpress\/wp-content\/uploads\/2021\/02\/Wien2019MaP2-620x1024.jpg\" alt=\"\" class=\"wp-image-681\" srcset=\"https:\/\/middel-online.de\/wp-content\/uploads\/2021\/02\/Wien2019MaP2-620x1024.jpg 620w, https:\/\/middel-online.de\/wp-content\/uploads\/2021\/02\/Wien2019MaP2-182x300.jpg 182w, https:\/\/middel-online.de\/wp-content\/uploads\/2021\/02\/Wien2019MaP2-768x1269.jpg 768w, https:\/\/middel-online.de\/wp-content\/uploads\/2021\/02\/Wien2019MaP2-930x1536.jpg 930w, https:\/\/middel-online.de\/wp-content\/uploads\/2021\/02\/Wien2019MaP2-1240x2048.jpg 1240w, https:\/\/middel-online.de\/wp-content\/uploads\/2021\/02\/Wien2019MaP2-scaled.jpg 1550w\" sizes=\"auto, (max-width: 620px) 100vw, 620px\" \/><\/figure>\n<\/div>\n\n\n\n<div class=\"wp-block-column is-layout-flow wp-block-column-is-layout-flow\">\n<figure class=\"wp-block-image size-large\"><img loading=\"lazy\" decoding=\"async\" width=\"384\" height=\"1024\" src=\"https:\/\/middelweb.de\/wordpress\/wp-content\/uploads\/2024\/04\/Beleg_2024-04-10_144650-1-384x1024.jpg\" alt=\"\" class=\"wp-image-12283\" srcset=\"https:\/\/middel-online.de\/wp-content\/uploads\/2024\/04\/Beleg_2024-04-10_144650-1-384x1024.jpg 384w, https:\/\/middel-online.de\/wp-content\/uploads\/2024\/04\/Beleg_2024-04-10_144650-1-113x300.jpg 113w, https:\/\/middel-online.de\/wp-content\/uploads\/2024\/04\/Beleg_2024-04-10_144650-1-576x1536.jpg 576w, https:\/\/middel-online.de\/wp-content\/uploads\/2024\/04\/Beleg_2024-04-10_144650-1.jpg 728w\" sizes=\"auto, (max-width: 384px) 100vw, 384px\" \/><\/figure>\n<\/div>\n<\/div>\n\n\n\n<div class=\"wp-block-columns is-layout-flex wp-container-core-columns-is-layout-9d6595d7 wp-block-columns-is-layout-flex\"><\/div>\n\n\n\nngg_shortcode_0_placeholder\n\n\n\n<table id=\"tablepress-6\" class=\"tablepress tablepress-id-6\">\n<thead>\n<tr class=\"row-1\">\n\t<th class=\"column-1\"><strong>Programmpunkt<\/strong><\/th><th class=\"column-2\"><strong>UBahn<\/strong><\/th><th class=\"column-3\"><strong>Richtung<\/strong><\/th><th class=\"column-4\"><strong>Station<\/strong><\/th><th class=\"column-5\"><strong>Dauer<\/strong><\/th><th class=\"column-6\"><strong>Preis<\/strong><\/th><th class=\"column-7\"><strong>Termin<\/strong><\/th><th class=\"column-8\"><strong>Adresse<\/strong><\/th><th class=\"column-9\"><strong><\/strong><\/th><th class=\"column-10\"><strong><\/strong><\/th>\n<\/tr>\n<\/thead>\n<tbody class=\"row-striping row-hover\">\n<tr class=\"row-2\">\n\t<td class=\"column-1\"><strong>Wien-Flughafen<\/strong><\/td><td class=\"column-2\">Railjet<\/td><td class=\"column-3\">Klagenfurt bzw. R Floridsdorf<\/td><td class=\"column-4\">Hbf<\/td><td class=\"column-5\">15<\/td><td class=\"column-6\">1,8<br \/>\nbis Stadtgrenze<\/td><td class=\"column-7\">28.08.2019, 08:35-09:00 Uhr<\/td><td class=\"column-8\">1300 Schwechat, \u00d6sterreich<\/td><td class=\"column-9\"><\/td><td class=\"column-10\">vorher schon 1 Tag WIEN f\u00fcr 5,80 kaufen<\/td>\n<\/tr>\n<tr class=\"row-3\">\n\t<td class=\"column-1\"><strong>Hauptbahnhof<\/strong><\/td><td class=\"column-2\">U1 oder Stra\u00dfenbahn D<\/td><td class=\"column-3\">Leopoldorf<\/td><td class=\"column-4\"><\/td><td class=\"column-5\"><\/td><td class=\"column-6\"><\/td><td class=\"column-7\">28.08.2019, 08:35-09:00 Uhr<\/td><td class=\"column-8\">Alfred-Adler-Stra\u00dfe 107, 1100 Wien, \u00d6sterreich<\/td><td class=\"column-9\"><\/td><td class=\"column-10\"><\/td>\n<\/tr>\n<tr class=\"row-4\">\n\t<td class=\"column-1\"><strong>Stadtpark<\/strong><\/td><td class=\"column-2\">Wenn S7 oder R<\/td><td class=\"column-3\"><\/td><td class=\"column-4\">Wien Mitte<\/td><td class=\"column-5\"><\/td><td class=\"column-6\"><\/td><td class=\"column-7\">28.08.2019, 08:35-09:00 Uhr<\/td><td class=\"column-8\">Parkring 1, 1010 Wien, \u00d6sterreich<\/td><td class=\"column-9\"><\/td><td class=\"column-10\"><\/td>\n<\/tr>\n<tr class=\"row-5\">\n\t<td class=\"column-1\"><strong>Oper<\/strong><\/td><td class=\"column-2\">Trambahnen 1,2,D, 71<\/td><td class=\"column-3\"> <\/td><td class=\"column-4\">K\u00e4rntner Ring, Oper<\/td><td class=\"column-5\">29<\/td><td class=\"column-6\"><\/td><td class=\"column-7\">28.08.2019, 08:35-09:00 Uhr<\/td><td class=\"column-8\">Opernring 2, 1010 Wien, \u00d6sterreich<\/td><td class=\"column-9\"><span style=\"color:#3A3A3A;\"><\/span><\/td><td class=\"column-10\"><span style=\"color:#333333;\"><\/span><\/td>\n<\/tr>\n<tr class=\"row-6\">\n\t<td class=\"column-1\"><strong>Sacher<\/strong><\/td><td class=\"column-2\"> <\/td><td class=\"column-3\"><\/td><td class=\"column-4\"><\/td><td class=\"column-5\"><\/td><td class=\"column-6\"><\/td><td class=\"column-7\">28.08.2019, 08:35-09:00 Uhr<\/td><td class=\"column-8\">Philharmoniker Str. 4, 1010 Wien, \u00d6sterreich<\/td><td class=\"column-9\"><span style=\"color:#3A3A3A;\"><\/span><\/td><td class=\"column-10\"><span style=\"color:#333333;\"><\/span><\/td>\n<\/tr>\n<tr class=\"row-7\">\n\t<td class=\"column-1\"><strong>Stra\u00dfenbahn 1 oder D<\/strong><\/td><td class=\"column-2\">Trambahn ab Oper<\/td><td class=\"column-3\">D &#8211; Nu\u00dfdorf<br \/>\n1 &#8211; Prater<\/td><td class=\"column-4\">D bis B\u00f6rse<br \/>\n1 bis Schwedenplatz<\/td><td class=\"column-5\"><\/td><td class=\"column-6\"><\/td><td class=\"column-7\">28.08.2019, 08:35-09:00 Uhr<\/td><td class=\"column-8\"><\/td><td class=\"column-9\"><span style=\"color:#3A3A3A;\"><\/span><\/td><td class=\"column-10\"><span style=\"color:#333333;\"><\/span><\/td>\n<\/tr>\n<tr class=\"row-8\">\n\t<td class=\"column-1\"><strong>Stephansdom<\/strong><\/td><td class=\"column-2\">U1, U3<\/td><td class=\"column-3\"><\/td><td class=\"column-4\"><\/td><td class=\"column-5\">19<\/td><td class=\"column-6\"><\/td><td class=\"column-7\">28.08.2019, 08:35-09:00 Uhr<\/td><td class=\"column-8\">Stephansplatz 3, 1010 Wien, \u00d6sterreich<\/td><td class=\"column-9\"><\/td><td class=\"column-10\"><\/td>\n<\/tr>\n<tr class=\"row-9\">\n\t<td class=\"column-1\"><strong>Pests\u00e4ule<\/strong><\/td><td class=\"column-2\"><\/td><td class=\"column-3\"><\/td><td class=\"column-4\"><\/td><td class=\"column-5\"><\/td><td class=\"column-6\"><\/td><td class=\"column-7\">28.08.2019, 08:35-09:00 Uhr<\/td><td class=\"column-8\">Graben 28, 1010 Wien, \u00d6sterreich<\/td><td class=\"column-9\"><\/td><td class=\"column-10\"><span style=\"color:#333333;\"><\/span><\/td>\n<\/tr>\n<tr class=\"row-10\">\n\t<td class=\"column-1\"><strong>Demel<\/strong><\/td><td class=\"column-2\">Bus 2 A, U 3 Herrengasse<\/td><td class=\"column-3\"><\/td><td class=\"column-4\"><\/td><td class=\"column-5\"><\/td><td class=\"column-6\"><\/td><td class=\"column-7\">28.08.2019, 08:35-09:00 Uhr<\/td><td class=\"column-8\">Kohlmarkt 14, 1010 Wien, \u00d6sterreich<\/td><td class=\"column-9\"><\/td><td class=\"column-10\"><span style=\"color:#333333;\"><\/span><\/td>\n<\/tr>\n<tr class=\"row-11\">\n\t<td class=\"column-1\"><strong>Hofburg<\/strong><\/td><td class=\"column-2\"><\/td><td class=\"column-3\"><\/td><td class=\"column-4\"><\/td><td class=\"column-5\"><\/td><td class=\"column-6\"><\/td><td class=\"column-7\">28.08.2019, 08:35-09:00 Uhr<\/td><td class=\"column-8\">Michaelerkuppel, 1010 Wien, \u00d6sterreich<\/td><td class=\"column-9\"><\/td><td class=\"column-10\"><\/td>\n<\/tr>\n<tr class=\"row-12\">\n\t<td class=\"column-1\"><strong>Volksgarten<\/strong><\/td><td class=\"column-2\">Bus 24<\/td><td class=\"column-3\"><\/td><td class=\"column-4\"><\/td><td class=\"column-5\"><\/td><td class=\"column-6\">1.90  <\/td><td class=\"column-7\">28.08.2019, 08:35-09:00 Uhr<\/td><td class=\"column-8\">1010 Wien, \u00d6sterreich<\/td><td class=\"column-9\"><\/td><td class=\"column-10\"><\/td>\n<\/tr>\n<tr class=\"row-13\">\n\t<td class=\"column-1\"><strong>Burgtheater<\/strong><\/td><td class=\"column-2\"><\/td><td class=\"column-3\"><\/td><td class=\"column-4\"><\/td><td class=\"column-5\"><\/td><td class=\"column-6\"><\/td><td class=\"column-7\">28.08.2019, 08:35-09:00 Uhr<\/td><td class=\"column-8\"><\/td><td class=\"column-9\"><\/td><td class=\"column-10\"><span style=\"color:#333333;\"><\/span><\/td>\n<\/tr>\n<tr class=\"row-14\">\n\t<td class=\"column-1\"><strong>Prater<\/strong><\/td><td class=\"column-2\">Bus 47<\/td><td class=\"column-3\">von Petit Point Richtung Fort du Kremlin<\/td><td class=\"column-4\"><\/td><td class=\"column-5\">13<\/td><td class=\"column-6\">3.80  <\/td><td class=\"column-7\">28.08.2019, 08:35-09:00 Uhr<\/td><td class=\"column-8\">Riesenradplatz 1, 1020 Wien, \u00d6sterreich<\/td><td class=\"column-9\"><\/td><td class=\"column-10\"><strong><\/strong><\/td>\n<\/tr>\n<tr class=\"row-15\">\n\t<td class=\"column-1\"><strong>Secession<\/strong><\/td><td class=\"column-2\">Linie 4 <\/td><td class=\"column-3\"><\/td><td class=\"column-4\"><\/td><td class=\"column-5\">16<\/td><td class=\"column-6\">1.90  <\/td><td class=\"column-7\">28.08.2019, 08:35-09:00 Uhr<\/td><td class=\"column-8\">Friedrichstra\u00dfe 12, 1010 Wien, \u00d6sterreich<\/td><td class=\"column-9\"><\/td><td class=\"column-10\"><\/td>\n<\/tr>\n<tr class=\"row-16\">\n\t<td class=\"column-1\"><strong>Naschmarkt<\/strong><\/td><td class=\"column-2\">U 4\u00a0<\/td><td class=\"column-3\"><\/td><td class=\"column-4\"><\/td><td class=\"column-5\"><\/td><td class=\"column-6\"><\/td><td class=\"column-7\">28.08.2019, 08:35-09:00 Uhr<\/td><td class=\"column-8\">1060 Wien, \u00d6sterreich<\/td><td class=\"column-9\"><\/td><td class=\"column-10\"><span style=\"color:#333333;\">Gr\u00f6\u00dfter und sch\u00f6nster Lebensmittelmarkt Wiens. An der Wienzeile zwischen Kettenbr\u00fcckengasse und Karlsplatz | Mo-Fr\u00a06-18.30, Sa\u00a06-17\u00a0Uhr | U 4 Kettenbr\u00fcckengasse<\/span><\/td>\n<\/tr>\n<tr class=\"row-17\">\n\t<td class=\"column-1\"><strong><\/strong><\/td><td class=\"column-2\"><\/td><td class=\"column-3\"><\/td><td class=\"column-4\"><\/td><td class=\"column-5\"><\/td><td class=\"column-6\"><\/td><td class=\"column-7\">28.08.2019, 08:35-09:00 Uhr<\/td><td class=\"column-8\"><\/td><td class=\"column-9\"><\/td><td class=\"column-10\"><\/td>\n<\/tr>\n<tr class=\"row-18\">\n\t<td class=\"column-1\"><strong>Maria-Theresien-Platz<\/strong><\/td><td class=\"column-2\"><\/td><td class=\"column-3\"><\/td><td class=\"column-4\"><\/td><td class=\"column-5\"><\/td><td class=\"column-6\"><\/td><td class=\"column-7\">28.08.2019, 08:35-09:00 Uhr<\/td><td class=\"column-8\">Burgring 5, 1010 Wien, \u00d6sterreich<\/td><td class=\"column-9\"><\/td><td class=\"column-10\"><span style=\"color:#333333;\">Naturhistorisches und Kunsthistorisches Museum Wien<\/span><\/td>\n<\/tr>\n<tr class=\"row-19\">\n\t<td class=\"column-1\"><strong>MuseumsQuartier<\/strong><\/td><td class=\"column-2\"><\/td><td class=\"column-3\"><\/td><td class=\"column-4\"><\/td><td class=\"column-5\"><\/td><td class=\"column-6\"><\/td><td class=\"column-7\">28.08.2019, 08:35-09:00 Uhr<\/td><td class=\"column-8\">Museumsplatz 1, 1070 Wien, \u00d6sterreich<\/td><td class=\"column-9\"><\/td><td class=\"column-10\"><a href=\"https:\/\/de.wikipedia.org\/wiki\/Louvre\" title=\"Louvre\">Leopold Museum, mit gro\u00dfer Schiele-Sammlung, Werken von Klimt und Kokoschka<\/a><\/td>\n<\/tr>\n<tr class=\"row-20\">\n\t<td class=\"column-1\"><strong>Albertina<\/strong><\/td><td class=\"column-2\"><\/td><td class=\"column-3\"><\/td><td class=\"column-4\"><\/td><td class=\"column-5\"><\/td><td class=\"column-6\"><\/td><td class=\"column-7\">28.08.2019, 08:35-09:00 Uhr<\/td><td class=\"column-8\">Albertinaplatz 1, 1010 Wien, \u00d6sterreich<\/td><td class=\"column-9\"><\/td><td class=\"column-10\"><\/td>\n<\/tr>\n<tr class=\"row-21\">\n\t<td class=\"column-1\"><strong>Mozartwohnung<\/strong><\/td><td class=\"column-2\"><\/td><td class=\"column-3\"><\/td><td class=\"column-4\"><\/td><td class=\"column-5\"><\/td><td class=\"column-6\"><\/td><td class=\"column-7\">28.08.2019, 08:35-09:00 Uhr<\/td><td class=\"column-8\">Mozarthaus, Domgasse 5, 1010 Wien, \u00d6sterreich<\/td><td class=\"column-9\"><\/td><td class=\"column-10\"><span style=\"color:#333333;\">Le Mur des je t\u2019aime, eine Mauer, auf der in 250 Sprachen \u201eIch liebe dich\u201c steht \u2026<\/span><\/td>\n<\/tr>\n<tr class=\"row-22\">\n\t<td class=\"column-1\"><strong>Sch\u00f6nbrunn<\/strong><\/td><td class=\"column-2\">U 4\u00a0<\/td><td class=\"column-3\">Wien H\u00fctteldorf<\/td><td class=\"column-4\">Sch\u00f6nbrunn<\/td><td class=\"column-5\"><\/td><td class=\"column-6\"><\/td><td class=\"column-7\">28.08.2019, 08:35-09:00 Uhr<\/td><td class=\"column-8\">Sch\u00f6nbrunner Schlo\u00dfstra\u00dfe 47, 1130 Wien, \u00d6sterreich<\/td><td class=\"column-9\"><\/td><td class=\"column-10\"><\/td>\n<\/tr>\n<tr class=\"row-23\">\n\t<td class=\"column-1\"><strong>Spanische Hofreitschule<\/strong><\/td><td class=\"column-2\"><\/td><td class=\"column-3\"><\/td><td class=\"column-4\"><\/td><td class=\"column-5\"><\/td><td class=\"column-6\"><\/td><td class=\"column-7\">28.08.2019, 08:35-09:00 Uhr<\/td><td class=\"column-8\">Michaelerplatz 1 (Besucherzentrum), 1010, Vienna<\/td><td class=\"column-9\"><\/td><td class=\"column-10\"><\/td>\n<\/tr>\n<tr class=\"row-24\">\n\t<td class=\"column-1\"><strong>Mariahilfer Stra\u00dfe\u00a0<\/strong><\/td><td class=\"column-2\">U 3 Neubaugasse<\/td><td class=\"column-3\"><\/td><td class=\"column-4\"><\/td><td class=\"column-5\"><\/td><td class=\"column-6\"><\/td><td class=\"column-7\">28.08.2019, 08:35-09:00 Uhr<\/td><td class=\"column-8\"><\/td><td class=\"column-9\"><\/td><td class=\"column-10\"><\/td>\n<\/tr>\n<tr class=\"row-25\">\n\t<td class=\"column-1\"><strong>Wien-Flughafen<\/strong><\/td><td class=\"column-2\">Railjet<\/td><td class=\"column-3\">19:40 &#8211; 19:57 Bregenz<\/td><td class=\"column-4\">Hauptbahnhof; ab Mitte 18:57<\/td><td class=\"column-5\">16<\/td><td class=\"column-6\">1.80  <\/td><td class=\"column-7\">28.08.2019, 19:12-19:27 Uhr<\/td><td class=\"column-8\"><\/td><td class=\"column-9\"><\/td><td class=\"column-10\"><span style=\"color:#333333;\">4,20\u20ac (1,80\u20ac, wenn f\u00fcr Wien schon eine<br \/>\nTicket vorhanden ist. In diesem Fall &#8222;ab<br \/>\nStadtgrenze&#8220; als Startpunkt verwenden.)<\/span><\/td>\n<\/tr>\n<tr class=\"row-26\">\n\t<td class=\"column-1\"><\/td><td class=\"column-2\"><\/td><td class=\"column-3\"><\/td><td class=\"column-4\"><\/td><td class=\"column-5\"><\/td><td class=\"column-6\">9.4<\/td><td class=\"column-7\"><\/td><td class=\"column-8\"><\/td><td class=\"column-9\"><\/td><td class=\"column-10\"><span style=\"color:#333333;\"><\/span><\/td>\n<\/tr>\n<tr class=\"row-27\">\n\t<td class=\"column-1\"><\/td><td class=\"column-2\"><\/td><td class=\"column-3\"><\/td><td class=\"column-4\"><\/td><td class=\"column-5\"><\/td><td class=\"column-6\"><\/td><td class=\"column-7\"><\/td><td class=\"column-8\"><\/td><td class=\"column-9\"><\/td><td class=\"column-10\"><\/td>\n<\/tr>\n<tr class=\"row-28\">\n\t<td class=\"column-1\"><\/td><td class=\"column-2\"><\/td><td class=\"column-3\"><\/td><td class=\"column-4\"><\/td><td class=\"column-5\"><\/td><td class=\"column-6\">159.96<\/td><td class=\"column-7\"><\/td><td class=\"column-8\"><\/td><td class=\"column-9\"><\/td><td class=\"column-10\"><\/td>\n<\/tr>\n<tr class=\"row-29\">\n\t<td class=\"column-1\"><\/td><td class=\"column-2\"><\/td><td class=\"column-3\"><\/td><td class=\"column-4\"><\/td><td class=\"column-5\"><\/td><td class=\"column-6\">11.6<\/td><td class=\"column-7\"><\/td><td class=\"column-8\"><\/td><td class=\"column-9\"><\/td><td class=\"column-10\"><\/td>\n<\/tr>\n<tr class=\"row-30\">\n\t<td class=\"column-1\"><\/td><td class=\"column-2\"><\/td><td class=\"column-3\"><\/td><td class=\"column-4\"><\/td><td class=\"column-5\"><\/td><td class=\"column-6\">7.2<\/td><td class=\"column-7\"><\/td><td class=\"column-8\"><\/td><td class=\"column-9\"><\/td><td class=\"column-10\"><\/td>\n<\/tr>\n<tr class=\"row-31\">\n\t<td class=\"column-1\"><\/td><td class=\"column-2\"><\/td><td class=\"column-3\"><\/td><td class=\"column-4\"><\/td><td class=\"column-5\"><\/td><td class=\"column-6\">9.48<\/td><td class=\"column-7\"><\/td><td class=\"column-8\"><\/td><td class=\"column-9\"><\/td><td class=\"column-10\"><\/td>\n<\/tr>\n<tr class=\"row-32\">\n\t<td class=\"column-1\"><\/td><td class=\"column-2\"><\/td><td class=\"column-3\"><\/td><td class=\"column-4\"><\/td><td class=\"column-5\"><\/td><td class=\"column-6\">188.24<\/td><td class=\"column-7\"><\/td><td class=\"column-8\"><\/td><td class=\"column-9\"><\/td><td class=\"column-10\"><\/td>\n<\/tr>\n<\/tbody>\n<\/table>\n\n\n\n<p><\/p>\n","protected":false},"excerpt":{"rendered":"<p>TIP Wenn man eine Ein- oder Mehrtageskarte f\u00fcr Wien hat (die gibts ab 5,80 \u20ac 1 Tag Wien) braucht man vom Flughafen bzw. zur\u00fcck nur noch einen Fahrschein Wien Kernzonengrenze &#8211; Flughafen f\u00fcr nur&#46;&#46;&#46;<\/p>\n","protected":false},"author":1,"featured_media":0,"parent":0,"menu_order":0,"comment_status":"closed","ping_status":"closed","template":"","meta":{"ngg_post_thumbnail":0,"footnotes":""},"class_list":["post-579","page","type-page","status-publish","hentry"],"_links":{"self":[{"href":"https:\/\/middel-online.de\/index.php?rest_route=\/wp\/v2\/pages\/579","targetHints":{"allow":["GET"]}}],"collection":[{"href":"https:\/\/middel-online.de\/index.php?rest_route=\/wp\/v2\/pages"}],"about":[{"href":"https:\/\/middel-online.de\/index.php?rest_route=\/wp\/v2\/types\/page"}],"author":[{"embeddable":true,"href":"https:\/\/middel-online.de\/index.php?rest_route=\/wp\/v2\/users\/1"}],"replies":[{"embeddable":true,"href":"https:\/\/middel-online.de\/index.php?rest_route=%2Fwp%2Fv2%2Fcomments&post=579"}],"version-history":[{"count":5,"href":"https:\/\/middel-online.de\/index.php?rest_route=\/wp\/v2\/pages\/579\/revisions"}],"predecessor-version":[{"id":12741,"href":"https:\/\/middel-online.de\/index.php?rest_route=\/wp\/v2\/pages\/579\/revisions\/12741"}],"wp:attachment":[{"href":"https:\/\/middel-online.de\/index.php?rest_route=%2Fwp%2Fv2%2Fmedia&parent=579"}],"curies":[{"name":"wp","href":"https:\/\/api.w.org\/{rel}","templated":true}]}}