{"id":2808,"date":"2021-02-05T11:50:40","date_gmt":"2021-02-05T10:50:40","guid":{"rendered":"https:\/\/middelweb.de\/wordpress\/?page_id=2808"},"modified":"2022-08-03T10:55:57","modified_gmt":"2022-08-03T09:55:57","slug":"familie","status":"publish","type":"page","link":"https:\/\/middel-online.de\/?page_id=2808","title":{"rendered":"Familie"},"content":{"rendered":"\n<p>Die Vorfahren:<\/p>\n\n\n\n<figure class=\"wp-block-image size-large\"><img loading=\"lazy\" decoding=\"async\" width=\"1024\" height=\"722\" src=\"https:\/\/middelweb.de\/wordpress\/wp-content\/uploads\/2022\/08\/replicate-prediction-yslaiplbxvf7lauwztsxlm6kw4-1024x722.png\" alt=\"\" class=\"wp-image-11073\" srcset=\"https:\/\/middel-online.de\/wp-content\/uploads\/2022\/08\/replicate-prediction-yslaiplbxvf7lauwztsxlm6kw4-1024x722.png 1024w, https:\/\/middel-online.de\/wp-content\/uploads\/2022\/08\/replicate-prediction-yslaiplbxvf7lauwztsxlm6kw4-300x212.png 300w, https:\/\/middel-online.de\/wp-content\/uploads\/2022\/08\/replicate-prediction-yslaiplbxvf7lauwztsxlm6kw4-768x542.png 768w, https:\/\/middel-online.de\/wp-content\/uploads\/2022\/08\/replicate-prediction-yslaiplbxvf7lauwztsxlm6kw4-1536x1083.png 1536w, https:\/\/middel-online.de\/wp-content\/uploads\/2022\/08\/replicate-prediction-yslaiplbxvf7lauwztsxlm6kw4-2048x1444.png 2048w\" sizes=\"auto, (max-width: 1024px) 100vw, 1024px\" \/><figcaption>Familie Oma Hedwig<\/figcaption><\/figure>\n\n\n\n<figure class=\"wp-block-image size-large\"><img loading=\"lazy\" decoding=\"async\" width=\"1024\" height=\"766\" src=\"https:\/\/middelweb.de\/wordpress\/wp-content\/uploads\/2021\/02\/Uroma-Opa-Paul-1024x766.jpg\" alt=\"\" class=\"wp-image-2810\" srcset=\"https:\/\/middel-online.de\/wp-content\/uploads\/2021\/02\/Uroma-Opa-Paul-1024x766.jpg 1024w, https:\/\/middel-online.de\/wp-content\/uploads\/2021\/02\/Uroma-Opa-Paul-300x224.jpg 300w, https:\/\/middel-online.de\/wp-content\/uploads\/2021\/02\/Uroma-Opa-Paul-768x574.jpg 768w, https:\/\/middel-online.de\/wp-content\/uploads\/2021\/02\/Uroma-Opa-Paul-100x75.jpg 100w, https:\/\/middel-online.de\/wp-content\/uploads\/2021\/02\/Uroma-Opa-Paul.jpg 1027w\" sizes=\"auto, (max-width: 1024px) 100vw, 1024px\" \/><\/figure>\n\n\n\n<p>&nbsp; &nbsp; &nbsp; &nbsp; &nbsp; &nbsp; &nbsp; &nbsp; &nbsp; &nbsp; &nbsp; &nbsp; &nbsp; &nbsp; &nbsp; &nbsp; &nbsp; &nbsp; &nbsp; &nbsp; &nbsp; &nbsp; &nbsp; &nbsp; &nbsp; &nbsp; &nbsp; &nbsp; &nbsp;                Familie Opa Paul<\/p>\n\n\n\n<figure class=\"wp-block-image size-full\"><img loading=\"lazy\" decoding=\"async\" width=\"975\" height=\"768\" src=\"https:\/\/middelweb.de\/wordpress\/wp-content\/uploads\/2022\/08\/replicate-prediction-2d7qxatctvadzc4luqh5tia7vy.jpg\" alt=\"\" class=\"wp-image-11075\" srcset=\"https:\/\/middel-online.de\/wp-content\/uploads\/2022\/08\/replicate-prediction-2d7qxatctvadzc4luqh5tia7vy.jpg 975w, https:\/\/middel-online.de\/wp-content\/uploads\/2022\/08\/replicate-prediction-2d7qxatctvadzc4luqh5tia7vy-300x236.jpg 300w, https:\/\/middel-online.de\/wp-content\/uploads\/2022\/08\/replicate-prediction-2d7qxatctvadzc4luqh5tia7vy-768x605.jpg 768w\" sizes=\"auto, (max-width: 975px) 100vw, 975px\" \/><\/figure>\n\n\n\n<p>Hochzeit Opa Paul und Oma Elisabeth mit meinen Urgro\u00dfeltern Wiese und Isenberg<\/p>\n\n\n\n<figure class=\"wp-block-image size-large\"><img loading=\"lazy\" decoding=\"async\" width=\"1024\" height=\"712\" src=\"https:\/\/middelweb.de\/wordpress\/wp-content\/uploads\/2021\/02\/Familie-Opa-Willi-1024x712.jpg\" alt=\"\" class=\"wp-image-31\" srcset=\"https:\/\/middel-online.de\/wp-content\/uploads\/2021\/02\/Familie-Opa-Willi-1024x712.jpg 1024w, https:\/\/middel-online.de\/wp-content\/uploads\/2021\/02\/Familie-Opa-Willi-300x209.jpg 300w, https:\/\/middel-online.de\/wp-content\/uploads\/2021\/02\/Familie-Opa-Willi-768x534.jpg 768w, https:\/\/middel-online.de\/wp-content\/uploads\/2021\/02\/Familie-Opa-Willi.jpg 1105w\" sizes=\"auto, (max-width: 1024px) 100vw, 1024px\" \/><\/figure>\n\n\n\n<p>Familie Willi Middel<\/p>\n\n\n\n<figure class=\"wp-block-image size-large\"><img loading=\"lazy\" decoding=\"async\" width=\"1024\" height=\"718\" src=\"https:\/\/middelweb.de\/wordpress\/wp-content\/uploads\/2022\/08\/replicate-prediction-e25xk27qgbbuhgaymiarwwanfa-1024x718.png\" alt=\"\" class=\"wp-image-11077\" srcset=\"https:\/\/middel-online.de\/wp-content\/uploads\/2022\/08\/replicate-prediction-e25xk27qgbbuhgaymiarwwanfa-1024x718.png 1024w, https:\/\/middel-online.de\/wp-content\/uploads\/2022\/08\/replicate-prediction-e25xk27qgbbuhgaymiarwwanfa-300x210.png 300w, https:\/\/middel-online.de\/wp-content\/uploads\/2022\/08\/replicate-prediction-e25xk27qgbbuhgaymiarwwanfa-768x538.png 768w, https:\/\/middel-online.de\/wp-content\/uploads\/2022\/08\/replicate-prediction-e25xk27qgbbuhgaymiarwwanfa-1536x1077.png 1536w, https:\/\/middel-online.de\/wp-content\/uploads\/2022\/08\/replicate-prediction-e25xk27qgbbuhgaymiarwwanfa-2048x1436.png 2048w\" sizes=\"auto, (max-width: 1024px) 100vw, 1024px\" \/><\/figure>\n\n\n\n<p>Hochzeit Tante \u00c4nne (Schwester meines Vaters) mit Toni Braun<\/p>\n\n\n\n<figure class=\"wp-block-image size-large\"><img loading=\"lazy\" decoding=\"async\" width=\"1024\" height=\"695\" src=\"https:\/\/middelweb.de\/wordpress\/wp-content\/uploads\/2021\/02\/IMG_7695-1024x695.jpg\" alt=\"\" class=\"wp-image-1424\" srcset=\"https:\/\/middel-online.de\/wp-content\/uploads\/2021\/02\/IMG_7695-1024x695.jpg 1024w, https:\/\/middel-online.de\/wp-content\/uploads\/2021\/02\/IMG_7695-300x204.jpg 300w, https:\/\/middel-online.de\/wp-content\/uploads\/2021\/02\/IMG_7695-768x521.jpg 768w, https:\/\/middel-online.de\/wp-content\/uploads\/2021\/02\/IMG_7695-1536x1042.jpg 1536w, https:\/\/middel-online.de\/wp-content\/uploads\/2021\/02\/IMG_7695.jpg 1646w\" sizes=\"auto, (max-width: 1024px) 100vw, 1024px\" \/><\/figure>\n\n\n\n<p>Hochzeit meiner Eltern<\/p>\n\n\n\n<p>Auch mein Opa v\u00e4terlicherseits kam von hier her. Ihn habe ich leider nicht mehr kennengelernt, was sch\u00f6n gewesen w\u00e4re, da er ein besonders guter Kegler war:<\/p>\n\n\n\n<figure class=\"wp-block-image size-large\"><img loading=\"lazy\" decoding=\"async\" width=\"1024\" height=\"672\" src=\"https:\/\/middelweb.de\/wordpress\/wp-content\/uploads\/2021\/03\/Opa_August_1-1024x672.jpg\" alt=\"\" class=\"wp-image-9144\" srcset=\"https:\/\/middel-online.de\/wp-content\/uploads\/2021\/03\/Opa_August_1-1024x672.jpg 1024w, https:\/\/middel-online.de\/wp-content\/uploads\/2021\/03\/Opa_August_1-300x197.jpg 300w, https:\/\/middel-online.de\/wp-content\/uploads\/2021\/03\/Opa_August_1-768x504.jpg 768w, https:\/\/middel-online.de\/wp-content\/uploads\/2021\/03\/Opa_August_1.jpg 1170w\" sizes=\"auto, (max-width: 1024px) 100vw, 1024px\" \/><\/figure>\n\n\n\n<p>Opa August mit der Kegelnationalmannschaft<\/p>\n","protected":false},"excerpt":{"rendered":"<p>Die Vorfahren: &nbsp; &nbsp; &nbsp; &nbsp; &nbsp; &nbsp; &nbsp; &nbsp; &nbsp; &nbsp; &nbsp; &nbsp; &nbsp; &nbsp; &nbsp; &nbsp; &nbsp; &nbsp; &nbsp; &nbsp; &nbsp; &nbsp; &nbsp; &nbsp; &nbsp; &nbsp; &nbsp; &nbsp; &nbsp; Familie Opa Paul&#46;&#46;&#46;<\/p>\n","protected":false},"author":1,"featured_media":0,"parent":0,"menu_order":0,"comment_status":"closed","ping_status":"closed","template":"","meta":{"ngg_post_thumbnail":0,"footnotes":""},"class_list":["post-2808","page","type-page","status-publish","hentry"],"_links":{"self":[{"href":"https:\/\/middel-online.de\/index.php?rest_route=\/wp\/v2\/pages\/2808","targetHints":{"allow":["GET"]}}],"collection":[{"href":"https:\/\/middel-online.de\/index.php?rest_route=\/wp\/v2\/pages"}],"about":[{"href":"https:\/\/middel-online.de\/index.php?rest_route=\/wp\/v2\/types\/page"}],"author":[{"embeddable":true,"href":"https:\/\/middel-online.de\/index.php?rest_route=\/wp\/v2\/users\/1"}],"replies":[{"embeddable":true,"href":"https:\/\/middel-online.de\/index.php?rest_route=%2Fwp%2Fv2%2Fcomments&post=2808"}],"version-history":[{"count":7,"href":"https:\/\/middel-online.de\/index.php?rest_route=\/wp\/v2\/pages\/2808\/revisions"}],"predecessor-version":[{"id":11078,"href":"https:\/\/middel-online.de\/index.php?rest_route=\/wp\/v2\/pages\/2808\/revisions\/11078"}],"wp:attachment":[{"href":"https:\/\/middel-online.de\/index.php?rest_route=%2Fwp%2Fv2%2Fmedia&parent=2808"}],"curies":[{"name":"wp","href":"https:\/\/api.w.org\/{rel}","templated":true}]}}